{"id":2254,"date":"2026-01-14T10:38:25","date_gmt":"2026-01-14T09:38:25","guid":{"rendered":"https:\/\/humana-optima.com\/?page_id=2254"},"modified":"2026-01-31T20:28:45","modified_gmt":"2026-01-31T19:28:45","slug":"mentalny-stimul","status":"publish","type":"page","link":"https:\/\/humana-optima.com\/?page_id=2254","title":{"rendered":"Ment\u00e1lny stimul"},"content":{"rendered":"<section class=\"wpb-content-wrapper\"><p>[vc_row bg_type=&#8221;bg_color&#8221; bg_override=&#8221;full&#8221; css=&#8221;.vc_custom_1499104289737{margin-top: 60px !important;margin-bottom: 50px !important;background-color: #ffffff !important;}&#8221; bg_color_value=&#8221;#ffffff&#8221; animation_type=&#8221;h&#8221; horizontal_animation=&#8221;left-animation&#8221; vertical_animation=&#8221;top-animation&#8221;][vc_column]<div class=\"ult-animation  ult-no-mobile \" data-animate=\"fadeIn\" data-animation-delay=\"0\" data-animation-duration=\"1\" data-animation-iteration=\"1\" style=\"\" ><div class=\"jstime timeline_preloader\" style=\"opacity:0;width:35px;margin:auto;margin-top:30px;\"><img decoding=\"async\" style=\"box-shadow:none;\" alt=\"timeline_pre_loader\" src=\"https:\/\/humana-optima.com\/wp-content\/plugins\/Ultimate_VC_Addons\/modules\/..\/assets\/img\/timeline_pre-loader.gif\" \/><\/div><div class=\"smile-icon-timeline-wrap jstime  timeline-custom-width \" data-timeline-cutom-width=\"361\" data-time_sep_bg_color=\"#444444\" data-time_block_bg_color=\"#f7f7f7\" data-time_sep_color=\"#444444\" style=\"opacity:0; \"><div class=\"timeline-line \" style=\"border-right-color:;\"><span><\/span><\/div><div class=\"timeline-wrapper\"><\/div>\r\n\t\t\t\t<div id=\"timeline-seperator-7446\" class=\"timeline-separator-text \" data-sep-col=\"\" data-sep-bg-col=\"\"><span class=\"sep-text ult-responsive\"  data-ultimate-target='#timeline-seperator-7446 .sep-text'  data-responsive-json-new='{\"font-size\":\"\",\"line-height\":\"\"}'  style=\"border-width:1px;border-radius:5px;\">Biomechanika vo v\u0161eobecnosti<\/span><\/div><div class=\"timeline-wrapper \"><div class=\"timeline-block \"><div class=\"timeline-dot\"><\/div><div class=\"ult-timeline-arrow\"><s><\/s><l><\/l><\/div><div class=\"timeline-icon-block\"><div class=\"ult-timeline-icon tl-icon-no-bg\" style=\"   \"><\/div> <!-- icon --><\/div><div class=\"timeline-header-block\" >\r\n\t\t\t\t\t\t\t<div id=\"timeline-item-4792\" class=\"timeline-header\" style=\"\"><h3 class=\"ult-timeline-title ult-responsive\"  data-ultimate-target='#timeline-item-4792 .ult-timeline-title'  data-responsive-json-new='{\"font-size\":\"\",\"line-height\":\"\"}'  style=\"\">Biomechanika ako pilier zdravia<\/h3><div class=\"ult-responsive timeline-item-spt\"  data-ultimate-target='#timeline-item-4792 .timeline-item-spt'  data-responsive-json-new='{\"font-size\":\"\",\"line-height\":\"\"}'  style=\"\"><a href=\"https:\/\/humana-optima.com\/?p=2270&amp;preview=true\" rel=\"attachment wp-att-2256\"><img loading=\"lazy\" decoding=\"async\" class=\"wp-image-2256 aligncenter\" src=\"http:\/\/humana-optima.com\/wp-content\/uploads\/2026\/01\/ChatGPT-Image-Jan-2-2026-at-11_33_18-AM-200x300.jpg\" alt=\"\" width=\"280\" height=\"420\" srcset=\"https:\/\/humana-optima.com\/wp-content\/uploads\/2026\/01\/ChatGPT-Image-Jan-2-2026-at-11_33_18-AM-200x300.jpg 200w, https:\/\/humana-optima.com\/wp-content\/uploads\/2026\/01\/ChatGPT-Image-Jan-2-2026-at-11_33_18-AM-683x1024.jpg 683w, https:\/\/humana-optima.com\/wp-content\/uploads\/2026\/01\/ChatGPT-Image-Jan-2-2026-at-11_33_18-AM-768x1152.jpg 768w, https:\/\/humana-optima.com\/wp-content\/uploads\/2026\/01\/ChatGPT-Image-Jan-2-2026-at-11_33_18-AM.jpg 1024w\" sizes=\"auto, (max-width: 280px) 100vw, 280px\" \/><\/a><\/p>\n<p><\/div><\/div> <!-- header --><\/div><\/div><div class=\"timeline-block \"><div class=\"timeline-dot\"><\/div><div class=\"ult-timeline-arrow\"><s><\/s><l><\/l><\/div><div class=\"timeline-icon-block\"><div class=\"ult-timeline-icon tl-icon-no-bg\" style=\"   \"><\/div> <!-- icon --><\/div><div class=\"timeline-header-block\" >\r\n\t\t\t\t\t\t\t<div id=\"timeline-item-5321\" class=\"timeline-header\" style=\"\"><h3 class=\"ult-timeline-title ult-responsive\"  data-ultimate-target='#timeline-item-5321 .ult-timeline-title'  data-responsive-json-new='{\"font-size\":\"\",\"line-height\":\"\"}'  style=\"\">Dr\u017eanie tela je spr\u00e1vanie (video)<\/h3><div class=\"ult-responsive timeline-item-spt\"  data-ultimate-target='#timeline-item-5321 .timeline-item-spt'  data-responsive-json-new='{\"font-size\":\"\",\"line-height\":\"\"}'  style=\"\"><a href=\"https:\/\/youtu.be\/93aWCtj5DoI\" rel=\"attachment wp-att-2342\"><img loading=\"lazy\" decoding=\"async\" class=\"alignnone size-medium wp-image-2342\" src=\"http:\/\/humana-optima.com\/wp-content\/uploads\/2026\/01\/ChatGPT-Image-Jan-17-2026-at-10_42_17-AM-200x300.jpg\" alt=\"\" width=\"200\" height=\"300\" srcset=\"https:\/\/humana-optima.com\/wp-content\/uploads\/2026\/01\/ChatGPT-Image-Jan-17-2026-at-10_42_17-AM-200x300.jpg 200w, https:\/\/humana-optima.com\/wp-content\/uploads\/2026\/01\/ChatGPT-Image-Jan-17-2026-at-10_42_17-AM-683x1024.jpg 683w, https:\/\/humana-optima.com\/wp-content\/uploads\/2026\/01\/ChatGPT-Image-Jan-17-2026-at-10_42_17-AM-768x1152.jpg 768w, https:\/\/humana-optima.com\/wp-content\/uploads\/2026\/01\/ChatGPT-Image-Jan-17-2026-at-10_42_17-AM.jpg 1024w\" sizes=\"auto, (max-width: 200px) 100vw, 200px\" \/><\/a><\/p>\n<p><\/div><\/div> <!-- header --><\/div><\/div><div class=\"timeline-block \"><div class=\"timeline-dot\"><\/div><div class=\"ult-timeline-arrow\"><s><\/s><l><\/l><\/div><div class=\"timeline-icon-block\"><div class=\"ult-timeline-icon tl-icon-no-bg\" style=\"   \"><\/div> <!-- icon --><\/div><div class=\"timeline-header-block\" >\r\n\t\t\t\t\t\t\t<div id=\"timeline-item-9492\" class=\"timeline-header\" style=\"\"><h3 class=\"ult-timeline-title ult-responsive\"  data-ultimate-target='#timeline-item-9492 .ult-timeline-title'  data-responsive-json-new='{\"font-size\":\"\",\"line-height\":\"\"}'  style=\"\">Elimina\u010dn\u00fd protokol<\/h3><div class=\"ult-responsive timeline-item-spt\"  data-ultimate-target='#timeline-item-9492 .timeline-item-spt'  data-responsive-json-new='{\"font-size\":\"\",\"line-height\":\"\"}'  style=\"\"><a href=\"https:\/\/humana-optima.com\/?p=2324\" rel=\"attachment wp-att-2325\"><img loading=\"lazy\" decoding=\"async\" class=\"alignnone wp-image-2335 size-medium\" src=\"http:\/\/humana-optima.com\/wp-content\/uploads\/2026\/01\/ChatGPT-Image-Jan-15-2026-at-07_52_02-PM-200x300.jpg\" alt=\"\" width=\"200\" height=\"300\" srcset=\"https:\/\/humana-optima.com\/wp-content\/uploads\/2026\/01\/ChatGPT-Image-Jan-15-2026-at-07_52_02-PM-200x300.jpg 200w, https:\/\/humana-optima.com\/wp-content\/uploads\/2026\/01\/ChatGPT-Image-Jan-15-2026-at-07_52_02-PM-683x1024.jpg 683w, https:\/\/humana-optima.com\/wp-content\/uploads\/2026\/01\/ChatGPT-Image-Jan-15-2026-at-07_52_02-PM-768x1152.jpg 768w, https:\/\/humana-optima.com\/wp-content\/uploads\/2026\/01\/ChatGPT-Image-Jan-15-2026-at-07_52_02-PM.jpg 1024w\" sizes=\"auto, (max-width: 200px) 100vw, 200px\" \/><\/a><\/div><\/div> <!-- header --><\/div><\/div><\/div><div class=\"timeline-feature-item feat-item  \"><div class=\"feat-dot \"><div class=\"timeline-dot\"><\/div><\/div><div class=\"ult-timeline-arrow \"><s><\/s><l><\/l><\/div><div class=\"timeline-icon-block\"><div class=\"ult-timeline-icon tl-icon-no-bg\" style=\"   \"><\/div> <!-- icon --><\/div><div class=\"timeline-header-block\" >\r\n\t\t\t\t\t\t\t<div class=\"timeline-header\" id=\"timeline-featured-6158\"  style=\"\"><h3\r\n\t\t\t class=\"ult-timeline-title ult-responsive\"   data-ultimate-target='#timeline-featured-6158 .ult-timeline-title'  data-responsive-json-new='{\"font-size\":\"\",\"line-height\":\"\"}'  style=\"\">Fascia ako komunika\u010dn\u00fd syst\u00e9m tela<\/h3><div class=\"ult-responsive custom-lht\"  data-ultimate-target='#timeline-featured-6158 .custom-lht'  data-responsive-json-new='{\"font-size\":\"\",\"line-height\":\"\"}'  style=\"\"><a href=\"https:\/\/humana-optima.com\/?p=2267\" rel=\"attachment wp-att-2320\"><img loading=\"lazy\" decoding=\"async\" class=\"alignnone wp-image-2339 size-medium\" src=\"http:\/\/humana-optima.com\/wp-content\/uploads\/2026\/01\/ChatGPT-Image-Jan-15-2026-at-08_03_38-PM-200x300.jpg\" alt=\"\" width=\"200\" height=\"300\" srcset=\"https:\/\/humana-optima.com\/wp-content\/uploads\/2026\/01\/ChatGPT-Image-Jan-15-2026-at-08_03_38-PM-200x300.jpg 200w, https:\/\/humana-optima.com\/wp-content\/uploads\/2026\/01\/ChatGPT-Image-Jan-15-2026-at-08_03_38-PM-683x1024.jpg 683w, https:\/\/humana-optima.com\/wp-content\/uploads\/2026\/01\/ChatGPT-Image-Jan-15-2026-at-08_03_38-PM-768x1152.jpg 768w, https:\/\/humana-optima.com\/wp-content\/uploads\/2026\/01\/ChatGPT-Image-Jan-15-2026-at-08_03_38-PM.jpg 1024w\" sizes=\"auto, (max-width: 200px) 100vw, 200px\" \/><\/a><\/div><\/div> <!-- header --><\/div><\/div><div class=\"timeline-wrapper \"><div class=\"timeline-block \"><div class=\"timeline-dot\"><\/div><div class=\"ult-timeline-arrow\"><s><\/s><l><\/l><\/div><div class=\"timeline-icon-block\"><div class=\"ult-timeline-icon tl-icon-no-bg\" style=\"   \"><\/div> <!-- icon --><\/div><div class=\"timeline-header-block\" >\r\n\t\t\t\t\t\t\t<div id=\"timeline-item-5279\" class=\"timeline-header\" style=\"\"><h3 class=\"ult-timeline-title ult-responsive\"  data-ultimate-target='#timeline-item-5279 .ult-timeline-title'  data-responsive-json-new='{\"font-size\":\"\",\"line-height\":\"\"}'  style=\"\">Fascia a ment\u00e1lne zdravie (video)<\/h3><div class=\"ult-responsive timeline-item-spt\"  data-ultimate-target='#timeline-item-5279 .timeline-item-spt'  data-responsive-json-new='{\"font-size\":\"\",\"line-height\":\"\"}'  style=\"\"><a href=\"https:\/\/humana-optima.com\/?p=2355\" rel=\"attachment wp-att-2363\"><img loading=\"lazy\" decoding=\"async\" class=\"alignnone wp-image-2363 size-medium\" src=\"http:\/\/humana-optima.com\/wp-content\/uploads\/2026\/01\/ChatGPT-Image-Jan-31-2026-at-08_18_26-PM-200x300.jpg\" alt=\"Fascia a ment\u00e1lne zdravie (video)\" width=\"200\" height=\"300\" srcset=\"https:\/\/humana-optima.com\/wp-content\/uploads\/2026\/01\/ChatGPT-Image-Jan-31-2026-at-08_18_26-PM-200x300.jpg 200w, https:\/\/humana-optima.com\/wp-content\/uploads\/2026\/01\/ChatGPT-Image-Jan-31-2026-at-08_18_26-PM-683x1024.jpg 683w, https:\/\/humana-optima.com\/wp-content\/uploads\/2026\/01\/ChatGPT-Image-Jan-31-2026-at-08_18_26-PM-768x1152.jpg 768w, https:\/\/humana-optima.com\/wp-content\/uploads\/2026\/01\/ChatGPT-Image-Jan-31-2026-at-08_18_26-PM.jpg 1024w\" sizes=\"auto, (max-width: 200px) 100vw, 200px\" \/><\/a><\/div><\/div> <!-- header --><\/div><\/div><div class=\"timeline-block \"><div class=\"timeline-dot\"><\/div><div class=\"ult-timeline-arrow\"><s><\/s><l><\/l><\/div><div class=\"timeline-icon-block\"><div class=\"ult-timeline-icon tl-icon-no-bg\" style=\"   \"><\/div> <!-- icon --><\/div><div class=\"timeline-header-block\" >\r\n\t\t\t\t\t\t\t<div id=\"timeline-item-5970\" class=\"timeline-header\" style=\"\"><h3 class=\"ult-timeline-title ult-responsive\"  data-ultimate-target='#timeline-item-5970 .ult-timeline-title'  data-responsive-json-new='{\"font-size\":\"\",\"line-height\":\"\"}'  style=\"\">Anatomick\u00e9 l\u00ednie Anatomy Trains od Thomas Myers<\/h3><div class=\"ult-responsive timeline-item-spt\"  data-ultimate-target='#timeline-item-5970 .timeline-item-spt'  data-responsive-json-new='{\"font-size\":\"\",\"line-height\":\"\"}'  style=\"\"><a href=\"https:\/\/humana-optima.com\/?p=2272\" rel=\"attachment wp-att-2317\"><img loading=\"lazy\" decoding=\"async\" class=\"alignnone wp-image-2337 size-medium\" src=\"http:\/\/humana-optima.com\/wp-content\/uploads\/2026\/01\/ChatGPT-Image-Jan-15-2026-at-07_58_40-PM-200x300.jpg\" alt=\"\" width=\"200\" height=\"300\" srcset=\"https:\/\/humana-optima.com\/wp-content\/uploads\/2026\/01\/ChatGPT-Image-Jan-15-2026-at-07_58_40-PM-200x300.jpg 200w, https:\/\/humana-optima.com\/wp-content\/uploads\/2026\/01\/ChatGPT-Image-Jan-15-2026-at-07_58_40-PM-683x1024.jpg 683w, https:\/\/humana-optima.com\/wp-content\/uploads\/2026\/01\/ChatGPT-Image-Jan-15-2026-at-07_58_40-PM-768x1152.jpg 768w, https:\/\/humana-optima.com\/wp-content\/uploads\/2026\/01\/ChatGPT-Image-Jan-15-2026-at-07_58_40-PM.jpg 1024w\" sizes=\"auto, (max-width: 200px) 100vw, 200px\" \/><\/a><\/div><\/div> <!-- header --><\/div><\/div><\/div><\/div><\/div>[\/vc_column][\/vc_row]<\/p>\n<\/section>","protected":false},"excerpt":{"rendered":"<p>[vc_row bg_type=&#8221;bg_color&#8221; bg_override=&#8221;full&#8221; css=&#8221;.vc_custom_1499104289737{margin-top: 60px !important;margin-bottom: 50px !important;background-color: #ffffff !important;}&#8221; bg_color_value=&#8221;#ffffff&#8221; animation_type=&#8221;h&#8221; horizontal_animation=&#8221;left-animation&#8221; vertical_animation=&#8221;top-animation&#8221;][vc_column][\/vc_column][\/vc_row]<\/p>\n","protected":false},"author":1,"featured_media":0,"parent":0,"menu_order":0,"comment_status":"closed","ping_status":"closed","template":"page.php","meta":{"_mi_skip_tracking":false,"_monsterinsights_sitenote_active":false,"_monsterinsights_sitenote_note":"","_monsterinsights_sitenote_category":0,"footnotes":""},"class_list":["post-2254","page","type-page","status-publish","hentry"],"_links":{"self":[{"href":"https:\/\/humana-optima.com\/index.php?rest_route=\/wp\/v2\/pages\/2254","targetHints":{"allow":["GET"]}}],"collection":[{"href":"https:\/\/humana-optima.com\/index.php?rest_route=\/wp\/v2\/pages"}],"about":[{"href":"https:\/\/humana-optima.com\/index.php?rest_route=\/wp\/v2\/types\/page"}],"author":[{"embeddable":true,"href":"https:\/\/humana-optima.com\/index.php?rest_route=\/wp\/v2\/users\/1"}],"replies":[{"embeddable":true,"href":"https:\/\/humana-optima.com\/index.php?rest_route=%2Fwp%2Fv2%2Fcomments&post=2254"}],"version-history":[{"count":6,"href":"https:\/\/humana-optima.com\/index.php?rest_route=\/wp\/v2\/pages\/2254\/revisions"}],"predecessor-version":[{"id":2366,"href":"https:\/\/humana-optima.com\/index.php?rest_route=\/wp\/v2\/pages\/2254\/revisions\/2366"}],"wp:attachment":[{"href":"https:\/\/humana-optima.com\/index.php?rest_route=%2Fwp%2Fv2%2Fmedia&parent=2254"}],"curies":[{"name":"wp","href":"https:\/\/api.w.org\/{rel}","templated":true}]}}